 be o(-12). Suppose 0 = n*x - 4*x - 137. What is the hundreds digit of x?
1
Let i be 44/6 + (-10)/30 - 7. Let v(k) be the second derivative of -k**4/12 - k**3/3 + 20*k**2 + k. What is the units digit of v(i)?
0
What is the hundreds digit of 35241/36 - (2/(-24) + 0)?
9
What is the tens digit of -5*((-1165)/(-20))/((-15)/24)?
6
Let k = 20 - 32. Let m(s) = -10*s**2 - 3*s + 22*s**2 + 0*s**2 + 3*s**3 + 14 - 2*s**3. What is the tens digit of m(k)?
5
Let p(b) = -b**3 + 10*b**2 - 16*b + 3. Let g be p(8). Suppose -u - 192 = -g*u. What is the tens digit of u?
9
Suppose -2*c + 2*r + 396 = 0, 2*c - r = 5*c - 602. What is the units digit of c?
0
Let c = -11 + 3. Let n = c - -8. What is the tens digit of (n + -10)*(-8)/5?
1
What is the hundreds digit of ((-34)/(-6))/(3/171)?
3
What is the hundreds digit of (8/(-7))/((-38)/22211)?
6
Let b be -2 + 1 - (-32)/12*3. Suppose 9*p = b*p + 180. What is the units digit of p?
0
Let t(y) = -4*y + 9. Let b be t(6). Let q = b - -17. Suppose n = q*n - 4. What is the units digit of n?
4
Suppose 3*n - 1698 = 3*y, -4*n = n + 4*y - 2875. What is the tens digit of n?
7
Let k = -658 - -1214. What is the units digit of k?
6
Let p = -1120 + 1937. What is the tens digit of p?
1
Let w(h) = h**2 + 2*h + 1. Let o be w(2). Suppose -o*j = -13*j + 32. Let k = j - -12. What is the tens digit of k?
2
Let r be (-1 - -21)/(-18 - -20). Suppose -3*v + 77 + r = 0. What is the units digit of v?
9
Let a be 3 - (10/5 - -1). Suppose a = l - 4*l + 438. Let f = 212 - l. What is the tens digit of f?
6
Suppose l = 2*c + 1760, -36*l + 8800 = -31*l - 2*c. What is the hundreds digit of l?
7
Suppose 2*x = 4*d - 2, -2*d - 14 = -7*x + 3*x. Suppose s - x*h - 83 - 111 = 0, 2*s + 2*h = 400. What is the units digit of s?
9
Let p(n) be the first derivative of -3*n**2/2 - 6*n - 12. What is the units digit of p(-5)?
9
Let j(b) = b - 5*b + 3*b + 4*b - 20. Let q be j(18). Suppose -3*m + 102 = -3*u, -q = -m - 3*u - 2*u. What is the tens digit of m?
3
Let h = -246 + 437. What is the tens digit of h?
9
Suppose 0 = 2*t - 6, -11*r + 3101 = -7*r - 5*t. What is the tens digit of r?
7
Let c be 3/(-4)*(-24)/3. Let h be (0 - 1) + 0/1. Let l = h + c. What is the units digit of l?
5
Suppose 4*n - 7504 = -2*u, 0 = 4*n - 4*u + 8*u - 7508. What is the hundreds digit of n?
8
Suppose -2*h - 3 = -11. Let g be (140/21)/(h/6). What is the units digit of g*2*(-6)/(-6)?
0
Let q be 9/24 + (-3985)/(-40). What is the tens digit of q/(2/(-2 + 4))?
0
What is the units digit of 1044/1 + (76 - 82)?
8
What is the units digit of (-4 + 2 + -3269)*(-3 + 2)?
1
Suppose -84 = -6*y + 2*y. Suppose -3*t = -y - 3. Suppose i + 2 - t = 0. What is the units digit of i?
6
Suppose 5*w = r + 2261, 3*r - 658 = -2*w + 243. What is the tens digit of w?
5
Let z be 6/((-2)/11 + (-1045)/(-6413)). Let n = 535 + z. What is the hundreds digit of n?
2
Let p be (84 - 1)*(-5 + 4). Let g = p + 92. What is the units digit of g?
9
Let l = 7962 - 3064. What is the units digit of l?
8
Suppose 3*k - 29 + 5 = 0. Suppose -4*b = k*b - 3084. What is the units digit of b?
7
Let o = 321 - 66. What is the tens digit of o?
5
Suppose -4*f - 62 = -5*d + 59, -d + 20 = -5*f. Let i = 1 + -19. Let g = i + d. What is the units digit of g?
7
Suppose -63292 = -19*l + 8661. What is the thousands digit of l?
3
Suppose 17*l - 9624 = 5*l. What is the tens digit of l?
0
What is the units digit of 9/63*7*(-313)/(-1)?
3
Let d(v) = 22*v**3 + 7*v**2 - 6*v + 1. What is the hundreds digit of d(5)?
8
Let u(y) = 5*y - 7. Let q(m) = 4*m - 7. Let j(x) = -6*q(x) + 5*u(x). What is the units digit of j(-4)?
3
Suppose 82 = 4*q + 5*g, -4*g + g + 40 = 2*q. Let n = -56 + q. Let s = 71 + n. What is the units digit of s?
8
Let g be (-33)/(-5) + 12/(-20). Let m(u) = -u + 9. Let a be m(g). What is the tens digit of -2 + 0/a - -39?
3
Suppose 14*r - 7 - 21 = 0. Let d be (-2 + (-8)/(-6))*-6. Suppose -f - d = -r*f. What is the units digit of f?
4
Let q(y) = 8*y**2 - 24*y - 20. Suppose 2*h = 5*h + 12. Let u(t) = -3*t**2 + 8*t + 7. Let l(n) = h*q(n) - 11*u(n). What is the units digit of l(-11)?
6
Let v be 1 - ((-75)/(-20))/(9/12). Let u(l) = -12*l - 36. What is the tens digit of u(v)?
1
Let h = 337 + -129. Suppose o - 4*j = 135, -3*o + h = -3*j - 170. What is the tens digit of o?
2
Suppose -107*i + 110*i - 666 = 0. What is the tens digit of i?
2
Let l(n) = -2010*n - 185. What is the thousands digit of l(-1)?
1
Let l(b) = 5*b + 22. Let a(s) = 5*s**2 + 4*s + 9. Let z be a(-2). What is the hundreds digit of l(z)?
1
Let r = -103 + 106. Suppose c - 148 = -2*k + r*c, 288 = 4*k + 4*c. What is the units digit of k?
3
Let z be ((-66)/(-8))/11 + 22/(-8). What is the tens digit of (-23)/z*6*1/3?
2
Let m(l) = 6 - 85*l + 86*l + 0. Let p be m(-16). What is the units digit of (-1 + 0)*(p - -6)?
4
Let r(t) = -t**3 + 12*t**2 - 10*t - 13. Let s be r(11). What is the units digit of ((-22)/8)/(s/16)?
2
Let r(m) = 39*m**2 - 8*m + 9. What is the hundreds digit of r(5)?
9
Let u(z) = -z**3 + 8*z**2 - 9*z + 10. Let v be u(7). Let r = 0 - v. Let p = r + 8. What is the tens digit of p?
1
Let f be 3/(-2*4/376). Let n = 20 - f. What is the tens digit of n?
6
Let i be (22/8 - 3)*-12. What is the units digit of ((-3)/i)/(1/(-3)) + 19?
2
Suppose -10*f + 6*f + s + 8375 = 0, -4*s = -4. What is the thousands digit of f?
2
Let b(k) = 4*k - 4. Let v be b(2). Suppose -2*z + 410 = 3*h + 3*z, -2*h = v*z - 270. What is the hundreds digit of h?
1
Let n = 1142 - 438. What is the tens digit of n?
0
Let b(h) = h**2 - 12*h + 7. Let j be b(11). Let c(o) = -o**2 + 3*o + 2. Let t be c(4). What is the units digit of 1/t - 34/j?
8
Let l(p) = 5*p - 21. Let z(i) = 2*i - 10. Let d(m) = 3*l(m) - 5*z(m). Suppose 0 = -2*y + t + 22, y - 5*t = 6 + 14. What is the tens digit of d(y)?
3
Let z = -5 - -263. What is the units digit of z?
8
Let i(q) = -q**3 - 5*q**2 - 5*q. Let d be i(-4). Let z(u) = -u**3 + 17*u**2 + u - 21. Let k be z(17). What is the tens digit of 1/d + (-59)/k?
1
Let g(v) = 10*v**2 - 7*v + 8. Suppose 15 = 3*q + 5*r, -5*r + 3 - 8 = -q. What is the tens digit of g(q)?
2
Let b(i) = i + 11. Let z be b(-9). Let u be (6/5)/(z/(-10)). What is the units digit of 26/(-3)*u/4?
3
Suppose 3*k = 5*s + 113, 0 = 2*s - 5 - 5. What is the units digit of k?
6
Suppose -3*c - j = -22, -3*j = 2*c + j - 8. Let b be (1 - c)*(-60)/(-35). What is the tens digit of 4/b*3 + 25?
2
Let h(k) = 2 + 0*k**2 - 2*k**2 - k**2 - 6*k**3 + 0. Let u be h(-2). Suppose j - 17 - u = 0. What is the units digit of j?
5
Let a(w) = -2*w**2 + 3*w + 125. What is the tens digit of a(0)?
2
Suppose 5*m + 3406 = 18*m. What is the units digit of m?
2
Suppose -3*d = 9, -4*d - 631 = -4*m - 3*d. What is the hundreds digit of m?
1
Let i = 660 + -196. What is the tens digit of i?
6
Let k(c) = c**2 - 4*c + 3. Let s be k(4). Suppose 0 = -5*j + s*l + 435, -261 = -3*j + 6*l - 4*l. What is the units digit of j?
7
Let c = 9 + 5. Suppose -11 = 5*k + c, -3*k - 335 = -5*i. What is the tens digit of i?
6
Let r = 141 + -88. Suppose -r = -4*g + 135. Suppose -4*o - 11 + g = 0. What is the units digit of o?
9
Suppose -10*y + 273 + 507 = 0. Suppose 5*j - y = -8*j. What is the units digit of j?
6
Suppose 78*y - 1625 = 73*y. What is the hundreds digit of y?
3
Suppose 35 + 5 = 4*j. Let u(q) = 10*q - 66. What is the units digit of u(j)?
4
Let c(g) be the second derivative of g**3/3 + g**2 - 2*g. Let r be c(4). What is the tens digit of 260/(-25)*r/(-4)?
2
Let z = 34 - 29. Suppose -z*c - l = -929, c + 3*l = 18 + 165. What is the tens digit of c?
8
Suppose -3*i = -3*h, 2*i - h - 3 = -2*h. Let p(z) = 19*z + 3. What is the tens digit of p(i)?
2
What is the hundreds digit of (-51 + 608)*2/2?
5
Let x = -64 - -66. Suppose 0 = x*h + 5*q - 0*q - 45, -h - 2*q + 24 = 0. What is the tens digit of h?
3
Suppose -6*t - 93 = -9*t. Suppose 615 = -28*u + t*u. What is the units digit of u?
5
Suppose -109*s + 3642 = -103*s. What is the tens digit of s?
0
Let p(o) = o**2 - 3*o + 3. Let z be p(3). Suppose 0 = -z*n + b - 2, -2*n - 4 + 0 = -2*b. Let j = 2 - n. What is the units digit of j?
2
Let d(f) = 2*f**3 - 6*f**2 + 1. Let k be d(4). Let o = 38 + k. What is the units digit of o?
1
Let y(t) be the first derivative of t**4/4 - 6*t**3 + 11*t**2 - 18*t - 4. What is the tens digit of y(17)?
6
Let o = 1837 + -1179. Wh